alculate k(b).
3
Let b(u) = -8*u - u**3 + 6 + 9*u + 9*u**2 - 5*u + 0*u**3 - 4*u. Let l(s) = 8*s**3 - s**2 + 2*s - 1. Let q be l(1). Calculate b(q).
6
Let t(c) = 7 - 5*c - c + 4*c + c. Let v(d) = -3*d**2 + 35*d - 15. Let r be v(11). Give t(r).
0
Let x(s) = -s**3 - 5*s**2 - 3*s - 10. Let p be x(-4). Let y(c) = -c**2 - 13*c + 4. Calculate y(p).
-10
Let i(y) be the first derivative of -y**4/4 + 5*y**3/3 + 4*y**2 + 68. Give i(6).
12
Let p = -49 + 54. Suppose 0 = -h + 4*d + 15, 20 = 4*h + 3*d + d. Let y(x) = 0*x + h - 2*x + x + 0*x. Calculate y(p).
2
Let d(t) = t**2 + 3*t + 5. Let q(u) = -3*u + 3. Let f be q(2). Let p be d(f). Let o(j) = -j**3 + 6*j**2 - 6*j + 6. What is o(p)?
1
Let h(f) be the first derivative of -f**4/4 - f**3/3 + 3*f**2/2 + 2*f - 328. Give h(-1).
-1
Let o(r) = -5*r**3 + r**2 - 2*r - 2. Let c be o(-1). Let a(b) = c*b + 2*b**2 - 439 + 436 - b**2. What is a(-6)?
-3
Let c(w) = -6*w - 6*w**2 + 19*w**3 + 0*w + 4 - w - 12*w**3. Let j(k) = -8*k**3 + 6*k**2 + 7*k - 4. Let d(q) = -7*c(q) - 6*j(q). Give d(7).
-4
Let w = 319 - 316. Let j(b) = -2*b**2 + 5*b - 3. What is j(w)?
-6
Let t(l) be the second derivative of l**3/6 - 3*l**2/2 + 10*l - 5. Give t(11).
8
Let q(f) = 3 - 4 + f - 2. Let w be (-1 + 1)/(-60 - -57). Calculate q(w).
-3
Suppose -51*v + 62*v = 77. Let h(i) = -3*i + 4. Calculate h(v).
-17
Let s(t) = -t + 3. Let m be s(-1). Let o be 20/m + (3 - 3). Suppose -o*p = -p. Let d(c) = -c + 6. Determine d(p).
6
Let x(i) be the third derivative of -11*i**6/120 + i**4/12 + i**3/6 - 14*i**2. Let a(u) = u - 7. Let j be a(6). Calculate x(j).
10
Suppose 5 = 2*b - 3. Suppose 7*v + 43 = 106. Let t(r) = v - 9 + r - b*r**3. What is t(-1)?
3
Let a(y) be the first derivative of y**4/4 - y**3/3 + 21*y - 50. Give a(0).
21
Let y(x) = 3*x + 4. Let l(t) = -t. Let u(w) = 4*l(w) + 2*y(w). Suppose -2*d - 3*g - 8 = g, -3*g = 3*d + 15. Calculate u(d).
-4
Let t(z) = -2*z**2 - z + 5. Suppose -4*i - 5*f = -32, -i - 2*f = 3*i - 20. Let a be t(i). Let c = a + 22. Let n(b) = -b + 8. What is n(c)?
2
Let m(z) = -z**2. Let x be ((-2)/4 + (-1)/(-2))/3. What is m(x)?
0
Let n(x) = 8*x**3 + 2*x**2 + x - 1. Suppose 5*t + 25 = 0, -3*l + 9*t - 11*t = 13. Give n(l).
-8
Let j(n) = -7*n**2 + 2*n - 24. Let r(m) = -6*m**2 + 2*m - 17. Let o(b) = 5*j(b) - 6*r(b). What is o(0)?
-18
Let o(k) = 0 + 10*k**2 + k**3 + 2*k - 1 - 5*k**2. Let x(f) = -f**2 + 7*f - 10. Let v = 32 + -26. Let n be x(v). What is o(n)?
7
Let r(h) = 2*h. Let k(m) = -1 - 45*m + 15*m + 16*m + 18*m. Let f(c) = -4*k(c) + 10*r(c). Give f(-3).
-8
Let d(a) be the third derivative of -a**5/30 - 5*a**4/12 + 2*a**3 - 119*a**2. Give d(-6).
0
Suppose 2*n = -2*n + 16. Let u(q) = q**2 - 2*q - 1. Let x be u(-1). Let c(m) = 210 - 212 - m**2 + 0*m + x*m. Give c(n).
-10
Let f(d) = d**3 + 7*d**2 + 8*d - 3. Let t be (-2)/(-3) + (-80)/12. What is f(t)?
-15
Let n(v) = 17*v**3 - v**2 + 1. Let m = 12 - 13. Give n(m).
-17
Let u(k) = -16 - 20 + 31 + 4*k. Suppose 4 = -3*j + 16. What is u(j)?
11
Let f = 6 + -1. Let k(j) = j**3 - 4*j**2 + 3*j + 4. Let l be k(3). Let r(c) = c**3 + 4 + 4 - 4*c - l*c**2 - 6 - 3*c. Give r(f).
-8
Let w be (-26)/(-3) - 7/(-3). Let h(z) = z**2 - 10*z - 2. Calculate h(w).
9
Let m(s) be the third derivative of s**6/120 + s**5/12 - 2*s**3/3 - 225*s**2. What is m(-4)?
12
Let m(a) = -a - 7. Let v(b) = 1. Let x(j) = m(j) + v(j). What is x(-5)?
-1
Let g(s) = 9*s - 1. Let q(x) = x**2 - 3. Let t be q(0). Let n(h) = -h - 4*h + 0*h. Let b(o) = t*g(o) - 5*n(o). Calculate b(3).
-3
Suppose 32*q = 35*q + 111. Let u = q - -42. Let i(a) = a**2 - 6*a - 1. Give i(u).
-6
Let u(b) = -4*b**3 - 5*b**2 - 4*b - 16. Let i(m) = -9*m**3 - 10*m**2 - 8*m - 37. Let h(o) = -3*i(o) + 7*u(o). Determine h(-3).
-7
Let m(d) = 6*d**3 + d. Let z = 40 - 24. Suppose -12*j + z = 4. What is m(j)?
7
Suppose 0 = -4*r - 7 + 39. Let c = 22 - r. Suppose -4*l = -2 - c. Let f(g) = -g**2 + 2*g - 4. Determine f(l).
-12
Suppose -2*q + 7*q = 5*d, 0 = -2*d - 2*q + 12. Suppose -5*c + d - 8 = 0. Let s(a) = 7*a**2 + 1. What is s(c)?
8
Suppose 36 = 6*k + 108. Let y(g) = -g - 11. Determine y(k).
1
Let d be (1 - 6/15)/((-2)/(-10)). Let t(z) = z**3 + z**3 - 3*z**2 - 2*z**2 + 6*z - z**d - 6. Let r(m) = -m**3 - 3*m**2 - m + 1. Let f be r(-3). Give t(f).
2
Let q(f) be the second derivative of -5*f**3/3 - f**2/2 + 24*f. Suppose 5*y = 4*a + 28, -4*y + 12 + 4 = 0. Give q(a).
19
Let y(w) = -1. Let v(q) = -2*q**3 - 3*q**2 + 2*q - 6. Let o(r) = -v(r) + 5*y(r). Determine o(-3).
-20
Let n(g) = 86*g**2 - 29*g**2 - 8*g + 7 - g**3 - 30*g**2 - 34*g**2 - 23. Calculate n(-6).
-4
Let q(o) = -237*o**3 + 4 - 3 - o + 6*o**2 + 117*o**3 + 4 + 121*o**3. Determine q(-6).
11
Let z(g) = -7*g**3 - g**2. Suppose 2*x - 4*a = -2*x - 16, 3*x - 4*a = -15. Give z(x).
6
Let k be 1/(-8)*-4*(1 + -13). Let d(c) = 2*c**2 + 4*c - 7. What is d(k)?
41
Let v(w) = -5*w - 3. Let i be -9 - -12 - 1/1. Suppose -o + a = 5, -i*o + a = 3 + 6. Determine v(o).
17
Let y(d) = 2*d + 5. Let z = 5 + 2. Suppose -j - 40 = z*j. Determine y(j).
-5
Let x(i) = -11*i + 1. Let h(o) be the second derivative of -2*o**3 + o**2/2 + o. Let y(t) = 5*h(t) - 6*x(t). Calculate y(-2).
-13
Let a = 143 + -140. Let c(w) = -81*w**a - 82*w**3 - 1 - 80*w**3 + 239*w**3. Suppose 5*o = -2*p - 2*p + 11, -2*o = -5*p + 22. Calculate c(o).
3
Let r(u) = -19. Let v(i) = -i - 4. Let w(s) = r(s) - 4*v(s). Let m(c) = -3*c. Let f be m(3). Let o be 2/10 - f/5. Give w(o).
5
Let u(y) be the second derivative of -y**6/360 + y**5/120 + y**4/6 + 37*y**3/6 + 2*y. Let o(n) be the second derivative of u(n). What is o(0)?
4
Let i(t) = -t**2 + 2*t + 7. Let h(g) = -g**2 - 36*g - 40. Let c be h(-35). Determine i(c).
-28
Let u(d) be the second derivative of -3*d**5/20 - d**4/12 + d**2 + 93*d. What is u(-2)?
22
Let a(l) = 40*l**3 + l**2 + 10*l - 10. Let d(v) = -35*v**3 - v**2 - 9*v + 9. Let m(q) = -6*a(q) - 7*d(q). Calculate m(2).
47
Suppose t - 2 = 17. Suppose -t - 11 = 5*r. Let j(b) = b + b - b + 4 + 4. What is j(r)?
2
Let n(w) = -22 + 19 - 9*w - 35 - 21. Determine n(-7).
4
Let c(v) be the first derivative of -2 + 0*v - 7/3*v**3 - 1/2*v**2. Let w be (2/6)/(1/3). Give c(w).
-8
Let n(b) = -b**3 + 1. Suppose -28*i + 24*i = -4*s, 3*i - 6 = 5*s. What is n(i)?
28
Let h(x) = -7*x**2 + x. Suppose 2*z - 8 = -2*a, 7*z - 4*a + 24 = 3*z. What is h(z)?
-8
Suppose 2*w = 4*b - 36, 29 = 3*b - 4*w + 2*w. Let u(f) = f**3 - 7*f**2 + 4*f - 11. Determine u(b).
17
Let r(f) be the third derivative of f**5/60 - 4*f**2. Let i be r(0). Suppose i*p = -p - 3. Let l(u) = -u - 4. What is l(p)?
-1
Let x(n) = 10*n**2 - 1. Let u(b) = -b**2 - 6*b - 5. Let l be u(-3). Let i be 4/12 + l/(-3). Calculate x(i).
9
Let z(j) = 7*j - 2 - j**3 + 10*j**2 + 0*j + 4*j - 5. What is z(11)?
-7
Let v = -14 + 18. Suppose v*s - 2*s = -24. Let l = -12 - s. Let m(b) = b**3 + b**2 + b + 3. Determine m(l).
3
Let d(m) be the second derivative of m**6/120 - m**5/20 + m**4/12 - m**3/2 + 15*m**2/2 - 15*m. Let c(l) be the first derivative of d(l). Give c(3).
3
Let g(u) = u**3 + 8*u**2 + 7*u + 2. Let w = -122 - -117. What is g(w)?
42
Let n(r) = -5*r**2 - 5*r - 1. Let f(j) = -17*j**2 - 14*j - 2. Let z(w) = -2*f(w) + 7*n(w). Give z(-6).
3
Suppose 5*z = 4*d + 9 + 9, -3*z = d + 13. Let b(i) = i. Let g(u) = -3*u + 6. Let v(k) = -4*b(k) - g(k). Give v(d).
1
Let r(f) = 116*f**2 - 2*f - 1. Let u be r(-1). Let d = u + -117. Let p(g) = -g**3 + g + 8. Give p(d).
8
Suppose -26 = -4*s - 14. Suppose 2*t + 6 = -5*z + 43, 2*z = -s*t + 6. Let g(m) = -2*m + 12. Give g(z).
-6
Let u(q) = q**2 + 4*q - 1. Let f be 36/6 - (0 + (-2)/(-2)). Suppose -25 + 0 = f*c. Give u(c).
4
Let c(w) = w**2 + 2*w - 3. Let t(s) = s**2 - 5*s + 4. Let m be t(5). Let x be 12/14*196/42. Suppose -m*o = -4*f + 36, x*f - 10 = -2*o - 4. Determine c(o).
12
Let i(s) be the third derivative of s**4/8 + 7*s**3/6 - 2*s**2 - 15. What is i(-6)?
-11
Suppose -7*r + 24 = -r. Let t(j) = 2*j**2 + 5*j - 3*j - j**2 + r*j. Calculate t(-3).
-9
Let k(u) = 2*u**2 - 4*u + 1. Let c(r) = 3*r**2 - 7*r + 2. Let x(z) = 3*c(z) - 5*k(z). Let f(s) = -4*s**2 - 12*s - 3. Let d(q) = -f(q) + 3*x(q). Give d(-4).
-14
Let f(t) = -1. Let p(s) = -s - 9. Let b(z) = 5*f(z) + p(z). Give b(10).
-24
Let q(p) = 3*p**2 + 8*p**2 - 12*p**2 - 2*p + 3*p**2 + 3*p**2 + 2. Calculate q(3).
41
Let g(o) = 2*o + 2*o**2 + o**3 + o**2 + 2*o**3 - 